100110000111?
11100111100001
In base 14, what is c02a - 364?
baa6
In base 10, what is 3 - -41756085?
41756088
In base 10, what is 31 - 2049455?
-2049424
In base 3, what is -12120 + 1221222120?
1221210000
In base 2, what is 10110 - -101110110011110011110?
101110110011110110100
In base 4, what is 1112132101 + -2121?
1112123320
In base 11, what is 1 - 2750a6?
-2750a5
In base 12, what is 5 - 35b587a?
-35b5875
In base 5, what is 444114 - -3044131?
4043300
In base 16, what is 6983e3 - 2?
6983e1
In base 12, what is 1379b + -32?
13769
In base 8, what is -217231 - 3662?
-223113
In base 16, what is -35b6 - -6ea?
-2ecc
In base 11, what is 1821 - a8a8?
-9087
In base 6, what is -104 + 530250103?
530245555
In base 4, what is -233310 - 1023102?
-1323012
In base 7, what is -6 + -261433535?
-261433544
In base 6, what is 11434420 + -41?
11434335
In base 14, what is -722 - -6dcdd?
6d5bb
In base 4, what is -13 + 2011130232233?
2011130232220
In base 14, what is 5 + -3b01805?
-3b01800
In base 12, what is 11a2 + -3119?
-1b37
In base 5, what is -32 - 310303432?
-310304014
In base 7, what is 122114453 - 2?
122114451
In base 2, what is -1111100000010011100011001 + -10001?
-1111100000010011100101010
In base 11, what is -a92904 + 52?
-a92862
In base 11, what is 105 - -621309?
621413
In base 11, what is 524 - 5337?
-4913
In base 8, what is 61326536 + 3?
61326541
In base 7, what is 3 + -2415644204?
-2415644201
In base 5, what is -10314142 - -341?
-10313301
In base 9, what is 633507 - 17?
633480
In base 12, what is -48a9 + -7a4?
-5491
In base 10, what is -336118013 - 2?
-336118015
In base 8, what is 10134777 - -2?
10135001
In base 10, what is -21441382 - -9?
-21441373
In base 12, what is -606ab1 - 267?
-607158
In base 10, what is 1817378 + -27?
1817351
In base 9, what is 6277 + 57547?
64835
In base 9, what is 352458227 + 1?
352458228
In base 2, what is -1001110110 - 1001100111100111?
-1001110001011101
In base 14, what is -13502b + -127?
-135154
In base 14, what is 21 + b8d3a3?
b8d3c4
In base 2, what is 10100110 + 100110110010110011100?
100110110011001000010
In base 15, what is -5 + 65c36?
65c31
In base 10, what is 1011294 + -24?
1011270
In base 2, what is 11100111011 + -10101010000?
111101011
In base 7, what is 260 - -254123?
254413
In base 2, what is 11 + 10010011110110000000000111?
10010011110110000000001010
In base 6, what is 3 + 255411113?
255411120
In base 10, what is -54163440 - 1?
-54163441
In base 9, what is -6 + 1625283?
1625276
In base 13, what is -1031a + -4a6?
-107c3
In base 9, what is -601873 - 67?
-602051
In base 6, what is 205340 - 122?
205214
In base 13, what is -11c1 + -2a5?
-1496
In base 2, what is 101010110110100010011110 - 101?
101010110110100010011001
In base 9, what is -10357377 - -26?
-10357351
In base 3, what is 21020 - 2011010112010?
-2011010020220
In base 2, what is 110011 + -1000000010101101001011?
-1000000010101100011000
In base 6, what is 445452 - 101220?
344232
In base 15, what is 9ab - 54e7?
-4a3b
In base 2, what is 11101 - 1111111110110001?
-1111111110010100
In base 2, what is 111101000111 - -100001101010000?
101001010010111
In base 10, what is -3953761 + -2?
-3953763
In base 8, what is -5 - -401115622?
401115615
In base 9, what is 503502 - -206?
503708
In base 7, what is 514411304 + 2?
514411306
In base 12, what is -12 - 278391?
-2783a3
In base 15, what is 41a6ba + 2?
41a6bc
In base 9, what is 77366308 - 3?
77366305
In base 10, what is 5408775 - -5?
5408780
In base 9, what is -1666 + -37815?
-40582
In base 15, what is -b4c2 - -2d20?
-86a2
In base 6, what is 114234410 - 20?
114234350
In base 6, what is 1043 + -231005?
-225522
In base 3, what is 221120102112210 + -2?
221120102112201
In base 14, what is bd135c0 + 1?
bd135c1
In base 12, what is 154 - -733a?
7492
In base 12, what is 702 + -6243?
-5741
In base 10, what is 15775151 - -2?
15775153
In base 10, what is -25 - 7819867?
-7819892
In base 16, what is 1 + -302344?
-302343
In base 14, what is 1a02 - -2c8?
1cca
In base 11, what is -9576 + 904?
-8772
In base 15, what is -cc4930 + -42?
-cc4972
In base 3, what is -12 + -2012220111121120?
-2012220111121202
In base 4, what is 21232 - 113111?
-31213
In base 4, what is 10 + 112033020100?
112033020110
In base 9, what is 1628530780 + -5?
1628530774
In base 3, what is -100 + 1220202201002?
1220202200202
In base 4, what is -223 - 1302131002?
-1302131231
In base 10, what is 8 - -343563?
343571
In base 7, what is -13033 - 641?
-14004
In base 11, what is -4 + -10404843?
-10404847
In base 12, what is a1b6 + -449?
9969
In base 10, what is 47 - 3661198?
-3661151
In base 11, what is 0 - 4035245?
-4035245
In base 10, what is -1631 + 1475?
-156
In base 12, what is -1 - 4883a0b9?
-4883a0ba
In base 13, what is -3385 + -2850?
-5c05
In base 4, what is -102032012 + -113?
-102032131
In base 3, what is -110120 + -2120202?
-10001022
In base 5, what is 111 - 21331410?
-21331244
In base 6, what is -151130021 - 4?
-151130025
In base 9, what is 2706 - -82?
2788
In base 11, what is -528 + -33073?
-335a0
In base 10, what is -396 - 3027?
-3423
In base 7, what is -10 - 140045501?
-140045511
In base 7, what is 2223613135 - 1?
2223613134
In base 12, what is 985 + 108918?
1096a1
In base 16, what is 7d0f321 - 1?
7d0f320
In base 16, what is 3 - -2a5bc?
2a5bf
In base 14, what is -3 + -15d3dc9?
-15d3dcc
In base 11, what is -76419 - 452?
-76870
In base 6, what is -14314 + -143530?
-202244
In base 12, what is -1 - -130a964?
130a963
In base 6, what is -255 + -230215?
-230514
In base 4, what is 2020 - 110021211?
-110013131
In base 12, what is -b + 413379?
41336a
In base 10, what is -5071000 - -6?
-5070994
In base 2, what is 101110011111110001110 - -111100011?
101110100000101110001
In base 3, what is -1001 + 20101120120?
20101112112
In base 11, what is 1a2 - 290442?
-290250
In base 12, what is 321869 + -8?
321861
In base 2, what is -11001100001000 + 11111110?
-11001000001010
In base 13, what is -5 - 2457852?
-2457857
In base 2, what is 1011111 + 101100001000100000110?
101100001000101100101
In base 5, what is -244100220111 - -4?
-244100220102
In base 4, what is 22001 + -332121?
-310120
In base 2, what is 10 + -1001111010010011110?
-1001111010010011100
In base 2, what is -11000100111110001 + -110000010?
-11000101101110011
In base 11, what is -2 - -97a48197?
97a48195
In base 12, what is 0 + b17138?
b17138
In base 11, what is -3 - 8960a728?
-8960a730
In base 2, what is 11 - -110010010011111000010100?
110010010011111000010111
In base 13, what is -5 + b120184?
b12017c
In base 13, what is -6036cb - 37?
-603735
In base 14, what is -3c59 - -127?
-3b32
In base 5, what is -20112 + 2311131?
2241014
In base 15, what is -8d2d409 + -4?
-8d2d40d
In base 9, what is 1 - 128645585?
-128645584
In base 7, what is 6343555 - 104?
6343451
In base 13, what is 438267 - 1c?
438248
In base 2, what is 110111110001101000011010010010 - 0?
110111110001101000011010010010
In base 15, what is 1dc3 + 4946?
6819
In base 7, what is -454 + 323062?
322305
In base 15, what is -25bb1 + 91?
-25b20
In base 13, what is -784c + -17?
-7866
In base 8, what is -52 - 1305011?
-1305063
In base 16, what is c96 + 222a?
2ec0
In base 5, what is -222012403 + -4032?
-222021440
In base 11, what is -4 + 85328041?
85328038
In base 3, what is 1221020000101002 - 2?
1221020000101000
In base 10, what is 17373 - 5105?
12268
In base 5, what is -43 - -1044202404?
1044202311
In base 3, what is -2211001012201 - 121021?
-2211001210222
In base 16, what is 12f4b + 2?
12f4d
In base 13, what is -15 + -966c8?
-96710
In base 9, what is 421 - -3311302?
3311723
In base 16, what is 3 + -40e8d4?
-40e8d1
In base 4, what is -310 - 3000122221?
-3000123131
In base 14, what is -19d2aa - -1c?
-19d28c
In base 13, what is -c5013 - 36?
-c5049
In base 12, what is 3789a7 - -237?
379022
In base 16, what is -3dd - -5410?
5033
In base 9, what is -7577 + -233?
-7821
In base 7, what is 206 + 1101431?
1101640
In base 3, what is 22120 - -1110220110?
1111020000
In base 12, what is 30 + -2a86b?
-2a83b
In base 11, what is -13a0584 - -3?
-13a0581
In base 9, what is 231 - 347600?
-347358
In base 15, what is -53d740d + -4?
-53d7412
In base 5, what is -210300013 + 20?
-210244443
In base 3, what is 112110200101010 + 10?
112110200101020
In base 11, what is 3 - 16aa637?
-16aa634
In base 13,